*b = -5. What is the remainder when d is divided by k(b)?
9
What is the remainder when (-18)/(-171) - ((-23779)/266 + (-25)/10) is divided by 41?
10
Let a = 74 - 25. Suppose 0 = -2*i - 2, 3*q - 4*i - 31 = -0*q. Suppose 0 = 2*o - 29 + q. Calculate the remainder when a is divided by o.
9
Let z = -14 + 49. Let a = 2655 - 2588. What is the remainder when a is divided by z?
32
Let g be (-5)/(-1*(-5)/(-10)). Suppose 8*t - 7*t - g = 0. Suppose -17*q - t = -18*q. What is the remainder when 28 is divided by q?
8
Suppose -49787 - 16433 = -140*u. Calculate the remainder when u is divided by 99.
77
Suppose 0 = -4*k + 348 + 56. Suppose 3*m - 5*h - k = 26, 4*m - 151 = 3*h. Calculate the remainder when 203 is divided by m.
33
Suppose -6*u + 3 = -7*u, 3*u = 4*g - 49. Let x(y) = -6*y + 68. Calculate the remainder when 223 is divided by x(g).
7
Suppose -6*g - 14 = -7*g. Suppose 6 + g = 2*x. Let a = x + 7. What is the remainder when 64 is divided by a?
13
Let h = 20 - 16. Suppose 7*w = 2*r + h*w - 18, -r - w - 1 = 0. Calculate the remainder when 0 - (-4 - 0)*4 is divided by r.
1
Suppose 5*i = -y + 14, 0 = 3*i - 4*i + 5*y + 8. Suppose -v = -2*m - i*v + 92, -3*v = -15. Suppose -5*d + 186 = m. What is the remainder when d is divided by 11?
7
Let w(v) = 27*v + 554. What is the remainder when w(0) is divided by 136?
10
Suppose -10641 = -21*u - 9549. Calculate the remainder when u is divided by 20.
12
Let z be 22/(-121) - 1208/11. Let m = z + 262. Calculate the remainder when m is divided by 16.
8
Let b(t) = -13*t + 564. What is the remainder when 2911 is divided by b(42)?
13
Let s(y) = y**3 - 13*y**2 - 8*y - 45. Let c(h) = -h**2 - 7*h + 2. Let n be ((-18)/8)/(((-15)/8)/(-5)). What is the remainder when s(14) is divided by c(n)?
7
Calculate the remainder when 234 is divided by 12/(-1*36/(-60)).
14
Suppose 3*d + 3 + 0 = 3*l, -4*l + 22 = 5*d. Suppose -d*m + 40 = -m. What is the remainder when m is divided by (1185/316)/((-5)/(-28))?
19
Suppose 0 = 5*u - 2*u - 123. Let h(k) = 6*k + 52. Let v be h(-8). Calculate the remainder when u is divided by (-2)/v - (-1395)/62.
19
Let i(n) = n**3 - 8*n**2 + 68*n - 124. What is the remainder when 612 is divided by i(4)?
24
Suppose 0 = 4*k - 3*d - 670, -5*k + 267 + 513 = 2*d. Let c(r) = -3*r + 11. Calculate the remainder when k is divided by c(-10).
37
Let x(u) = 19*u**2 - 48*u + 2. Calculate the remainder when x(7) is divided by 122.
109
Suppose -x + 4*v - 47 = -554, 0 = -v - 4. Calculate the remainder when x is divided by 43.
18
Suppose -34*t + 35 = -27*t. Suppose -2*d = 6, -7*d - t = -b - 8*d. What is the remainder when (-36 - 2)/(-3 + 1) is divided by b?
3
Let x(w) = -2*w + 4. Suppose 20 = s + 28. What is the remainder when 8/(-16)*70/(-1) is divided by x(s)?
15
Suppose 0 = -5*g - 6*p + 3*p + 975, 2*p - 975 = -5*g. Suppose 7*l - 134 = g. Let b = 16 + 9. What is the remainder when l is divided by b?
22
Let l(r) = -9*r + 61. Let s be l(11). Let q = s + 80. What is the remainder when q is divided by 15?
12
Suppose -b = 2*p, -31 = -4*b - 3*p - 6. Suppose b*k = -k + 2970. Calculate the remainder when k is divided by 13.
10
Let o = -35 - -58. Suppose l - 11 = o. Suppose 4*r = 615 - 83. Calculate the remainder when r is divided by l.
31
Let n be 2/9 + (-16399)/207. Let s = 96 + n. What is the remainder when 67 is divided by s?
16
Let n be (68/12 + -1)*198/77. Suppose -82 = -m + n. Calculate the remainder when m is divided by 19.
18
Suppose -15 - 90 = -4*f - 5*w, 4*w = -5*f + 120. What is the remainder when (-27)/(-18)*(2 - -60) is divided by f?
13
Let f(z) = -57*z + 19. Let q be f(2). What is the remainder when 1 + (-5 - (1 + q)) is divided by 17?
5
Let j(n) = -24*n + 36. Let x be j(8). Let c = -148 - x. What is the remainder when 30 is divided by c?
6
Suppose l = 34*l - 500 - 655. Calculate the remainder when 943 is divided by l.
33
Let h(g) = -70*g - 6. Let b be h(-1). Calculate the remainder when (-1116)/(-6) - b/8 is divided by 26.
22
Let w be -12*1*((-45)/6)/15. Suppose y - w - 5 = 0. Calculate the remainder when 17 is divided by y.
6
Calculate the remainder when 9217 is divided by ((-825)/100)/33 - (255/12)/(-1).
19
Let b = 9 - -28. Suppose 4*i + 29 - 7 = 2*d, -1 = d + i. Calculate the remainder when b*(-1)/(-13) + (-2)/(-13) is divided by d.
0
Calculate the remainder when 42/((-49)/7) - (484*-1 + -9) is divided by 473.
14
Let t = -59 - -59. Suppose 5*n + 20 = -5*j, -2*n = j - t*j + 8. Suppose j = -4*v - 0*v + 208. What is the remainder when v is divided by 6?
4
Let t = 12164 + -12115. What is the remainder when 2117 is divided by t?
10
Let a(z) = -9*z**2 + 23*z + 36. Let b(r) = 26*r**2 - 70*r - 108. Let k(i) = 17*a(i) + 6*b(i). What is the remainder when 15 is divided by k(11)?
7
Suppose -14*h - h + 528 = 18*h. Calculate the remainder when h is divided by 12.
4
Let u(i) = 2*i - 26. Let c be u(8). What is the remainder when 10816/260 + (-1)/(c/(-6)) is divided by 13?
2
Let c(r) = r**2 - 2*r - 10. Let w(g) = -47*g**3 + 2*g - 1. Let d be w(1). Let v = d - -53. Calculate the remainder when c(v) is divided by 7.
4
Let o = 90 - 51. Let x(y) = -27*y + 167. Let z be x(6). Suppose -2 - 18 = 5*v, -z*w + 5*v + 160 = 0. Calculate the remainder when o is divided by w.
11
Let q be 3 + (4/2 - 0). Suppose -5*n = -2*n - q*c + 45, -3*c = n + 1. Let h(y) = y**3 + 11*y**2 + 6*y - 17. Calculate the remainder when 67 is divided by h(n).
21
Suppose 87 = 12*a + 15. Suppose -c = -a*c. Suppose 2*i - 52 + 14 = c. Calculate the remainder when 67 is divided by i.
10
Calculate the remainder when 50 is divided by (4/6)/((-7)/14*(-28)/21).
0
Suppose -2*o + 2*z + 96 = 0, 3*o + 4*z = 9*z + 142. Let v = 551 + -359. What is the remainder when v is divided by o?
45
Let c = 13986 + -13934. What is the remainder when 221 is divided by c?
13
Suppose 0 = -6*r + 9*r + 18. Let y(b) be the first derivative of b**4/4 + 8*b**3/3 + 4*b**2 + 2*b + 4. Calculate the remainder when 77 is divided by y(r).
25
Suppose 33 = 4*d - 3*p, 0 = -2*d - 2*p - 7 + 27. Let m(v) = -5*v + 54. Calculate the remainder when 34 is divided by m(d).
7
Let n(d) = d**3 - 10*d**2 + 10*d - 4. Suppose 5*y = 4*u - 203, 3*u + u - 2*y = 218. Let w = u + -48. Calculate the remainder when 6 is divided by n(w).
1
Suppose 25*k - 6910 = 365. What is the remainder when k is divided by 64?
35
Let r(j) = -31*j + 578. Calculate the remainder when r(-9) is divided by 24.
17
Suppose 5*u - 118 = r, -5*u + 2*r + 160 = 39. Let a be (-1 - 3/(-5))*(-17 + 27). Calculate the remainder when u is divided by (-3)/a*22/33*18.
5
Suppose 6 = 2*n - 10. Let o(t) = -2*t**2 + 79*t - 35. Let l be o(39). Suppose 92 = -l*k + 104. What is the remainder when n is divided by k?
2
Let q(s) = -18*s - 9. Suppose -4*c - 51 = -11. Let b = 10 - c. What is the remainder when q(-6) is divided by b?
19
Let q(h) = -27*h + 22. Let d be q(1). Calculate the remainder when 4634/84 - d/6 is divided by 16.
8
Let v(y) = -180*y**2 - 6*y - 13. Let b be v(-2). Let u = b + 798. Calculate the remainder when u is divided by 43.
34
Let n(t) = t**3 - 129*t**2 + 252*t + 624. What is the remainder when 756 is divided by n(127)?
16
Let h = -535 + 174. Let z = h - -443. What is the remainder when z is divided by 24?
10
Let y = -162 - -423. Let k(f) = 16519*f + 16563. What is the remainder when y is divided by k(-1)?
41
Suppose -15*y - 27 = -19*y - 5*o, -3*y - 4*o + 20 = 0. Calculate the remainder when 61 is divided by y.
5
Suppose -13*q + 1574 = 4*s - 16*q, -6*s = 4*q - 2310. Calculate the remainder when s is divided by 376.
13
Let o(m) = -18*m + 2. Suppose -6*h - h - 35 = 0. Let w(l) = -l - 1. Let k(j) = h*w(j) + o(j). What is the remainder when k(-2) is divided by 9?
6
Suppose -12*n + 10*n + 276 = 0. Suppose 117 = 3*q - n. What is the remainder when q is divided by 32?
21
Suppose 0 = 93*q - 98*q. Let x(z) = -z**3 + 7*z**2 - 4*z. Calculate the remainder when -2 + 34 - 8/(q + -4) is divided by x(6).
10
Let k = -263 - -296. Suppose 0 = 6*d + 2*d - 24. Calculate the remainder when k is divided by d.
0
Suppose m - 1 - 3 = 0. Let g = -30557 - -30564. Calculate the remainder when ((-21)/5)/(m/(-20)) is divided by g.
0
Suppose 4*u + 26 = 94. Let l(h) = -100*h**2 + 7*h. Let n(x) = -150*x**2 + 11*x. Let f(v) = -8*l(v) + 5*n(v). Calculate the remainder when f(1) is divided by